{"id":2,"date":"2025-08-05T17:37:12","date_gmt":"2025-08-05T17:37:12","guid":{"rendered":"https:\/\/civilhatter.hu\/wordpress_9\/?page_id=2"},"modified":"2025-08-10T20:48:00","modified_gmt":"2025-08-10T19:48:00","slug":"sample-page","status":"publish","type":"page","link":"https:\/\/civilhatter.hu\/wordpress_9\/","title":{"rendered":"F\u0151oldal"},"content":{"rendered":"\n<div class=\"wp-block-group alignfull is-style-default has-accent-5-background-color has-background has-medium-font-size has-global-padding is-layout-constrained wp-container-core-group-is-layout-5c53b157 wp-block-group-is-layout-constrained\" style=\"border-style:none;border-width:0px;border-radius:23px;margin-top:0;margin-bottom:0;padding-top:0;padding-right:0;padding-bottom:0;padding-left:0\">\n<h2 class=\"wp-block-heading alignwide has-text-align-center is-style-default has-x-large-font-size\" style=\"letter-spacing:15px\">Bejegyz\u00e9sek<\/h2>\n\n\n<ul style=\"line-height:1; padding-right:var(--wp--preset--spacing--20);padding-left:var(--wp--preset--spacing--20);padding-top:var(--wp--preset--spacing--20);padding-bottom:var(--wp--preset--spacing--20);margin-right:var(--wp--preset--spacing--20);margin-left:var(--wp--preset--spacing--20);margin-top:var(--wp--preset--spacing--20);margin-bottom:var(--wp--preset--spacing--20);\" class=\"wp-block-latest-posts__list alignwide wp-block-latest-posts\"><li><div class=\"wp-block-latest-posts__featured-image aligncenter\"><a href=\"https:\/\/civilhatter.hu\/wordpress_9\/index.php\/2024\/08\/10\/bartal-andras\/\" aria-label=\"INTERJ\u00da\"><img loading=\"lazy\" decoding=\"async\" width=\"300\" height=\"183\" src=\"https:\/\/civilhatter.hu\/wordpress_9\/wp-content\/uploads\/2025\/08\/viber_kep_2025-08-05_20-00-43-208-300x183.jpg\" class=\"attachment-medium size-medium wp-post-image\" alt=\"\" style=\"\" srcset=\"https:\/\/civilhatter.hu\/wordpress_9\/wp-content\/uploads\/2025\/08\/viber_kep_2025-08-05_20-00-43-208-300x183.jpg 300w, https:\/\/civilhatter.hu\/wordpress_9\/wp-content\/uploads\/2025\/08\/viber_kep_2025-08-05_20-00-43-208-1024x626.jpg 1024w, https:\/\/civilhatter.hu\/wordpress_9\/wp-content\/uploads\/2025\/08\/viber_kep_2025-08-05_20-00-43-208-768x469.jpg 768w, https:\/\/civilhatter.hu\/wordpress_9\/wp-content\/uploads\/2025\/08\/viber_kep_2025-08-05_20-00-43-208-1536x939.jpg 1536w, https:\/\/civilhatter.hu\/wordpress_9\/wp-content\/uploads\/2025\/08\/viber_kep_2025-08-05_20-00-43-208.jpg 1600w\" sizes=\"auto, (max-width: 300px) 100vw, 300px\" \/><\/a><\/div><a class=\"wp-block-latest-posts__post-title\" href=\"https:\/\/civilhatter.hu\/wordpress_9\/index.php\/2024\/08\/10\/bartal-andras\/\">INTERJ\u00da<\/a><div class=\"wp-block-latest-posts__post-excerpt\">Bartal Andr\u00e1ssal, a Magyar \u00d6nv\u00e9delem Mozgalom budapesti vezet\u0151j\u00e9vel<\/div><\/li>\n<\/ul><\/div>\n","protected":false},"excerpt":{"rendered":"<p>Bejegyz\u00e9sek<\/p>\n","protected":false},"author":2,"featured_media":28,"parent":0,"menu_order":0,"comment_status":"closed","ping_status":"open","template":"","meta":{"_acf_changed":false,"_monsterinsights_skip_tracking":false,"_monsterinsights_sitenote_active":true,"_monsterinsights_sitenote_note":"Published: F\u0151oldal","_monsterinsights_sitenote_category":11,"footnotes":""},"class_list":["post-2","page","type-page","status-publish","has-post-thumbnail","hentry"],"acf":[],"_links":{"self":[{"href":"https:\/\/civilhatter.hu\/wordpress_9\/index.php\/wp-json\/wp\/v2\/pages\/2","targetHints":{"allow":["GET"]}}],"collection":[{"href":"https:\/\/civilhatter.hu\/wordpress_9\/index.php\/wp-json\/wp\/v2\/pages"}],"about":[{"href":"https:\/\/civilhatter.hu\/wordpress_9\/index.php\/wp-json\/wp\/v2\/types\/page"}],"author":[{"embeddable":true,"href":"https:\/\/civilhatter.hu\/wordpress_9\/index.php\/wp-json\/wp\/v2\/users\/2"}],"replies":[{"embeddable":true,"href":"https:\/\/civilhatter.hu\/wordpress_9\/index.php\/wp-json\/wp\/v2\/comments?post=2"}],"version-history":[{"count":16,"href":"https:\/\/civilhatter.hu\/wordpress_9\/index.php\/wp-json\/wp\/v2\/pages\/2\/revisions"}],"predecessor-version":[{"id":141,"href":"https:\/\/civilhatter.hu\/wordpress_9\/index.php\/wp-json\/wp\/v2\/pages\/2\/revisions\/141"}],"wp:featuredmedia":[{"embeddable":true,"href":"https:\/\/civilhatter.hu\/wordpress_9\/index.php\/wp-json\/wp\/v2\/media\/28"}],"wp:attachment":[{"href":"https:\/\/civilhatter.hu\/wordpress_9\/index.php\/wp-json\/wp\/v2\/media?parent=2"}],"curies":[{"name":"wp","href":"https:\/\/api.w.org\/{rel}","templated":true}]}}